{"id":24,"date":"2013-12-21T23:23:58","date_gmt":"2013-12-21T21:23:58","guid":{"rendered":"http:\/\/web59.server-17.de\/buecherflohmarkt\/?page_id=24"},"modified":"2026-02-25T09:32:31","modified_gmt":"2026-02-25T09:32:31","slug":"veranstalter","status":"publish","type":"page","link":"https:\/\/groebenzeller-buecherflohmarkt.de\/?page_id=24","title":{"rendered":"Hilfsprojekte"},"content":{"rendered":"\n<p class=\"has-medium-font-size\">Eine beachtliche Zahl regionaler, nationaler und ausl\u00e4ndischer Organisationen werden mit dem Erl\u00f6s des B\u00fccherflohmarkts unterst\u00fctzt.<\/p>\n\n\n<div class=\"wp-block-spacer\" style=\"height: 54px;\" aria-hidden=\"true\">\u00a0<\/div>\n\n\n<p class=\"has-medium-font-size\">Beachten Sie bitte, dass der Erl\u00f6s durch keinerlei Personalkosten geschm\u00e4lert wird. Leider haben wir unvermeidliche Sachkosten, man denke z.B. an die Betriebsmittel, die zum Sortieren, Transportieren und Lagern der B\u00fccher anfallen. Au\u00dferdem m\u00fcssen wir vom Erl\u00f6s auch Mieten und Steuern entrichten.<\/p>\n\n\n\n<div style=\"height:53px\" aria-hidden=\"true\" class=\"wp-block-spacer\"><\/div>\n\n\n\n<p class=\"has-medium-font-size\"><strong>Die folgenden Organisationen werden 2026 mit dem Erl\u00f6s des B\u00fccherflohmarkts unterst\u00fctzt. <\/strong> (Stand 02.2026)<\/p>\n\n\n\n<div style=\"height:56px\" aria-hidden=\"true\" class=\"wp-block-spacer\"><\/div>\n\n\n\n<div class=\"wp-block-columns is-layout-flex wp-container-core-columns-is-layout-9d6595d7 wp-block-columns-is-layout-flex\">\n<div class=\"wp-block-column is-layout-flow wp-block-column-is-layout-flow\" style=\"flex-basis:100%\">\n<div class=\"wp-block-columns is-layout-flex wp-container-core-columns-is-layout-9d6595d7 wp-block-columns-is-layout-flex\">\n<div class=\"wp-block-column is-layout-flow wp-block-column-is-layout-flow\" style=\"flex-basis:100%\">\n<div class=\"wp-block-group\"><div class=\"wp-block-group__inner-container is-layout-constrained wp-block-group-is-layout-constrained\"><\/div><\/div>\n\n\n\n<figure class=\"wp-block-table is-style-stripes\"><table><tbody><tr><td>\u00a0<strong><mark style=\"background-color:rgba(0, 0, 0, 0)\" class=\"has-inline-color has-vivid-red-color\">Organisation<\/mark><\/strong><\/td><td>\u00a0<strong><mark style=\"background-color:rgba(0, 0, 0, 0)\" class=\"has-inline-color has-vivid-red-color\">Webauftritt:<\/mark><\/strong><\/td><\/tr><tr><td><strong>Aktion Br\u00fccke e.V.<\/strong><\/td><td><a href=\"http:\/\/www.aktion-bruecke.de\">aktion-bruecke.de<\/a><\/td><\/tr><tr><td><strong>B\u00fcrgerstiftung F\u00fcrstenfeldbruck<\/strong> <br><strong>Tafel Puchheim\/Eichenau<\/strong><\/td><td><a href=\"https:\/\/buergerstiftung-lkr-ffb.de\/puchheimer-eichenauer-tafel\/\">puchheimer-eichenauer-tafel<\/a><br><\/td><\/tr><tr><td><strong>Deutsch Afghanische Initiative<\/strong> <strong>e.V., Freiburg<\/strong><br>Gemeinsam f\u00fcr einen friedlichen Aufbau Afghanistans<\/td><td><a href=\"http:\/\/www.deutsch-afghanische-initiative.de\/\">deutsch-afghanische-initiative.de<\/a><br><br><br><\/td><\/tr><tr><td><strong>Dieter Kenkmann Fonds 1987 e.V.<\/strong><br>Ausbildung nepalesischer u. tibetanischer Kinder<\/td><td><a href=\"https:\/\/kenkmannfond.de\/\">kenkmannfond.de<\/a><br><br><\/td><\/tr><tr><td><strong>Evangelische Zach\u00e4uskirche Gr\u00f6benzell,<\/strong><br>Partnerschaft mit der Kondedi\u00f6zese in Tansania<\/td><td><a href=\"https:\/\/www.zachaeuskirche.de\/oekumene-und-partnerschaften\/tansania\">zachaeuskirche.de<\/a><br><br><\/td><\/tr><tr><td><strong>Familie J\u00e4ger Stiftung MOPANI<br><\/strong>Eine Stiftung zur F\u00f6rderung von Waisenkindern in Lateinamerika<\/td><td><a href=\"http:\/\/mopani.org\">mopani.org<\/a><br><br><br><\/td><\/tr><tr><td><strong>Frauen helfen Frauen F\u00fcrstenfeldbruck e.V.<\/strong><br>Frauenhaus und Frauennotruf FFB<\/td><td><a href=\"http:\/\/www.frauen-helfen-frauen-ffb.de\" target=\"_blank\" rel=\"noreferrer noopener\">frauen-helfen-frauen-ffb.de<\/a><br><br><\/td><\/tr><tr><td><strong>Future Citizen Nepal<\/strong><br>versorgt bed\u00fcrftige Kinder aus Jiri im Dolakha-Distrikt der Himalaya-Region<\/td><td><a href=\"http:\/\/www.future-citizen.org\/\">future-citizen.org<\/a><br><br><br><\/td><\/tr><tr><td><strong>Haiti Kinderhilfe e.V.<\/strong><br>f\u00f6rdert Schul- und Berufsausbildung in Haiti<\/td><td><a href=\"https:\/\/www.haitikinderhilfe.de\/\">haitikinderhilfe.de<\/a><br><br><\/td><\/tr><tr><td><strong>Handwerker f\u00fcr Darfur<\/strong> <strong>e.V.<\/strong><br>Berufsausbildung kriegsgesch\u00e4digter Jugendlicher<\/td><td><a href=\"http:\/\/handwerker-fuer-darfur.org\/\">handwerker-fuer-darfur.org<\/a><br><br><\/td><\/tr><tr><td><strong>Help Liberia \u2013 Kpon Ma e.V.<\/strong><br>Medizinische Basisversorgung im l\u00e4ndlichen Gebiet Liberias<\/td><td><a href=\"http:\/\/help-liberia.com\/\">help-liberia.com<\/a><br><br><br><\/td><\/tr><tr><td><strong>Hilfe f\u00fcr Quimili e.V.<\/strong><br>Sicherung von Kinderspeisung in Quimili, Argentinien<\/td><td><a href=\"http:\/\/hilfefuerquimili.de\/\" target=\"_blank\" rel=\"noreferrer noopener\">hilfefuerquimili.de<\/a><br><br><br><\/td><\/tr><tr><td><strong>Initiative krebskranke Kinder M\u00fcnchen e.V.<\/strong><br>Projekt Jugend und Zukunft<\/td><td><a href=\"https:\/\/krebs-bei-kindern.de\/\">krebs-bei-kindern.de<\/a><\/td><\/tr><tr><td><strong>Katholische Kirchengemeinde Herrenberg: Projekt Titicacasee<\/strong><br>Unterst\u00fctzung von Bergbauerngemeinden Peru<\/td><td><a href=\"http:\/\/cugr.de\/wk_homepage\" target=\"_blank\" rel=\"noreferrer noopener\">cugr.de<\/a><br><br><br><\/td><\/tr><tr><td><strong>Kongregation der Schwestern von der hl. Elisabeth<\/strong><br>Med. Versorgung der Familien in Maganzo, Tansania<\/td><td><a href=\"https:\/\/freunde-von-maganzo.de\/das-projekt\">Freunde-von-Maganzo.de<\/a><br><br><br><br><\/td><\/tr><tr><td><strong>Kurz mal helfen e.V.<\/strong><br>Menschen in den unterschiedlichsten Notlagen und Krisensituationen beizustehen<\/td><td><a href=\"https:\/\/www.kurz-mal-helfen.de\/\">kurz-mal-helfen.de<\/a><\/td><\/tr><tr><td><strong>LichtBlick Seniorenhilfe e.V.<\/strong><\/td><td><a href=\"http:\/\/seniorenhilfe-lichtblick.de\">seniorenhilfe-lichtblick.de<\/a><\/td><\/tr><tr><td><br><strong>Pallotti Institute of Lay Leadership,<\/strong><br>Bildungszentrum in S\u00fcdindien<\/td><td><a href=\"https:\/\/www.bildung-suedindien.de\/\" target=\"_blank\" rel=\"noreferrer noopener\">bildung-suedindien.de<\/a><br><br><\/td><\/tr><tr><td><strong>\u00d6kumenischer Sozialdienst Gr\u00f6benzell e.V.<\/strong><br>Alten-, Kranken- und Bed\u00fcrftigenhilfe in Gr\u00f6benzell<\/td><td><a href=\"http:\/\/www.oeksd-groebenzell.de\">oeksd-groebenzell.de<\/a><\/td><\/tr><tr><td><br><strong>Stiftung Kinderhilfe F\u00fcrstenfeldbruck<\/strong><br>F\u00f6rderung der Entwicklung von Kindern und Jugendlichen mit und ohne Behinderung<\/td><td><a href=\"https:\/\/www.stiftung-kinderhilfe.de\/\">stiftung-kinderhilfe.de<\/a><\/td><\/tr><tr><td><strong>Ukraine-Direkthilfe Gr\u00f6benzell<\/strong><\/td><td><a href=\"https:\/\/www.ukraine-direkthilfe-groebenzell.de\">ukraine-direkthilfe-groebenzell.de<\/a><\/td><\/tr><\/tbody><\/table><\/figure>\n<\/div>\n<\/div>\n<\/div>\n<\/div>\n\n\n\n<p>&nbsp;<\/p>\n","protected":false},"excerpt":{"rendered":"<p>Eine beachtliche Zahl regionaler, nationaler und ausl\u00e4ndischer Organisationen werden mit dem Erl\u00f6s des B\u00fccherflohmarkts unterst\u00fctzt. \u00a0 Beachten Sie bitte, dass der Erl\u00f6s durch keinerlei Personalkosten geschm\u00e4lert wird. Leider haben wir unvermeidliche Sachkosten, man denke z.B. an die Betriebsmittel, die zum Sortieren, Transportieren und Lagern der B\u00fccher anfallen. Au\u00dferdem m\u00fcssen wir vom Erl\u00f6s auch Mieten und [&hellip;]<\/p>\n","protected":false},"author":2,"featured_media":0,"parent":0,"menu_order":0,"comment_status":"closed","ping_status":"closed","template":"","meta":{"footnotes":""},"class_list":["post-24","page","type-page","status-publish","hentry"],"_links":{"self":[{"href":"https:\/\/groebenzeller-buecherflohmarkt.de\/index.php?rest_route=\/wp\/v2\/pages\/24","targetHints":{"allow":["GET"]}}],"collection":[{"href":"https:\/\/groebenzeller-buecherflohmarkt.de\/index.php?rest_route=\/wp\/v2\/pages"}],"about":[{"href":"https:\/\/groebenzeller-buecherflohmarkt.de\/index.php?rest_route=\/wp\/v2\/types\/page"}],"author":[{"embeddable":true,"href":"https:\/\/groebenzeller-buecherflohmarkt.de\/index.php?rest_route=\/wp\/v2\/users\/2"}],"replies":[{"embeddable":true,"href":"https:\/\/groebenzeller-buecherflohmarkt.de\/index.php?rest_route=%2Fwp%2Fv2%2Fcomments&post=24"}],"version-history":[{"count":21,"href":"https:\/\/groebenzeller-buecherflohmarkt.de\/index.php?rest_route=\/wp\/v2\/pages\/24\/revisions"}],"predecessor-version":[{"id":2722,"href":"https:\/\/groebenzeller-buecherflohmarkt.de\/index.php?rest_route=\/wp\/v2\/pages\/24\/revisions\/2722"}],"wp:attachment":[{"href":"https:\/\/groebenzeller-buecherflohmarkt.de\/index.php?rest_route=%2Fwp%2Fv2%2Fmedia&parent=24"}],"curies":[{"name":"wp","href":"https:\/\/api.w.org\/{rel}","templated":true}]}}