{"id":20,"date":"2013-12-21T23:22:40","date_gmt":"2013-12-21T22:22:40","guid":{"rendered":"http:\/\/web59.server-17.de\/buecherflohmarkt\/?page_id=20"},"modified":"2026-02-25T13:23:40","modified_gmt":"2026-02-25T13:23:40","slug":"ihre-buecherspenden","status":"publish","type":"page","link":"https:\/\/groebenzeller-buecherflohmarkt.de\/?page_id=20","title":{"rendered":"Sach- und B\u00fccherspenden"},"content":{"rendered":"\n<div style=\"height:56px\" aria-hidden=\"true\" class=\"wp-block-spacer\"><\/div>\n\n\n\n<div class=\"wp-block-group\"><div class=\"wp-block-group__inner-container is-layout-flow wp-block-group-is-layout-flow\">\n<h5 class=\"wp-block-heading\">Ihre Spenden tragen zum Erfolg unseres B\u00fccherflohmarktes bei \u2013 Sie helfen damit den von uns unterst\u00fctzten Projekten. Vielen Dank f\u00fcr Ihre Spenden!<\/h5>\n\n\n\n<div style=\"height:56px\" aria-hidden=\"true\" class=\"wp-block-spacer\"><\/div>\n\n\n\n<h4 class=\"wp-block-heading\"><em><span style=\"text-decoration: underline;\">WAS, WANN und WO K\u00d6NNEN SIE SPENDEN?<\/span><\/em><\/h4>\n\n\n\n<div style=\"height:38px\" aria-hidden=\"true\" class=\"wp-block-spacer\"><\/div>\n\n\n\n<div class=\"wp-block-columns is-layout-flex wp-container-core-columns-is-layout-9d6595d7 wp-block-columns-is-layout-flex\">\n<div class=\"wp-block-column is-layout-flow wp-block-column-is-layout-flow\">\n<div style=\"height:33px\" aria-hidden=\"true\" class=\"wp-block-spacer\"><\/div>\n\n\n\n<p><strong>Die n\u00e4chsten Abgabetermine f\u00fcr B\u00fccherflohmarkt erst im Januar 2027<\/strong><\/p>\n\n\n\n<div style=\"height:40px\" aria-hidden=\"true\" class=\"wp-block-spacer\"><\/div>\n\n\n\n<p>Bei <strong>Spende von mehr als 5 Kartons<\/strong> bitten wir um individuelle Terminvereinbarung \u00fcber unsere email-Adresse<\/p>\n\n\n\n<p><a href=\"mailto:info@groebenzeller-buecherflohmarkt.de\">info@groebenzeller-buecherflohmarkt.de<\/a><\/p>\n\n\n\n<div style=\"height:44px\" aria-hidden=\"true\" class=\"wp-block-spacer\"><\/div>\n\n\n\n<p><strong>Annahmeort:<\/strong>            <mark style=\"background-color:rgba(0, 0, 0, 0)\" class=\"has-inline-color has-luminous-vivid-orange-color\"> <strong>Olching, Peter-Henlein-Str. 2<\/strong><\/mark><\/p>\n\n\n\n<div style=\"height:22px\" aria-hidden=\"true\" class=\"wp-block-spacer\"><\/div>\n\n\n\n<div class=\"wp-block-group is-vertical is-layout-flex wp-container-core-group-is-layout-8cf370e7 wp-block-group-is-layout-flex\">\n<p><strong>Kurzbeschreibung:<\/strong> <\/p>\n\n\n\n<p>     M\u00fcnchener Str. bis zum 1.Kreisel (bei Autohaus Rasch),<\/p>\n\n\n\n<p>     dann links ab die Johann-G-Gutenberg-Str. ins Industiegebiet<\/p>\n\n\n\n<p>     beim BZO rechts ab in die Gottlieb-Daimler-Str,<\/p>\n\n\n\n<p>     und sofort nach der BZO-Einfahrt links in die Peter-Henlein-Str. einbiegen (Sackgasse)<\/p>\n<\/div>\n\n\n\n<p><strong>siehe auch Karte <\/strong><\/p>\n<\/div>\n<\/div>\n\n\n\n<div style=\"height:35px\" aria-hidden=\"true\" class=\"wp-block-spacer\"><\/div>\n\n\n\n<figure class=\"wp-block-image size-large\"><img loading=\"lazy\" decoding=\"async\" width=\"1024\" height=\"508\" src=\"https:\/\/groebenzeller-buecherflohmarkt.de\/wp-content\/uploads\/2023\/12\/Zufahrt-Beschreibung-Anlieferung-1024x508.png\" alt=\"\" class=\"wp-image-2280\" srcset=\"https:\/\/groebenzeller-buecherflohmarkt.de\/wp-content\/uploads\/2023\/12\/Zufahrt-Beschreibung-Anlieferung-1024x508.png 1024w, https:\/\/groebenzeller-buecherflohmarkt.de\/wp-content\/uploads\/2023\/12\/Zufahrt-Beschreibung-Anlieferung-300x149.png 300w, https:\/\/groebenzeller-buecherflohmarkt.de\/wp-content\/uploads\/2023\/12\/Zufahrt-Beschreibung-Anlieferung-768x381.png 768w, https:\/\/groebenzeller-buecherflohmarkt.de\/wp-content\/uploads\/2023\/12\/Zufahrt-Beschreibung-Anlieferung.png 1192w\" sizes=\"auto, (max-width: 1024px) 100vw, 1024px\" \/><\/figure>\n\n\n\n<div style=\"height:100px\" aria-hidden=\"true\" class=\"wp-block-spacer\"><\/div>\n\n\n\n<h5 class=\"wp-block-heading has-medium-font-size\"><em><span style=\"color: #ff0000;\"><strong>Besondere Hinweise zur Sach- und B\u00fccherspende:<br><\/strong><\/span><\/em><\/h5>\n\n\n\n<h5 class=\"wp-block-heading has-medium-font-size\">Wir freuen uns wenn Sie Ihre gespendeten B\u00fccher\/Medien in stabilen <span style=\"color: #3366ff;\">Obst-\/ bzw. Bananenkisten<\/span> verpackt abgeben, B\u00fccher bitte liegend verpacken, da es uns einen weiteren Umpackvorgang ersparen kann.<\/h5>\n\n\n\n<div style=\"height:52px\" aria-hidden=\"true\" class=\"wp-block-spacer\"><\/div>\n\n\n\n<p class=\"has-medium-font-size\"><strong>Bitte<span style=\"color: #ff0000;\"> m\u00f6glichst nicht <\/span><span style=\"color: #3366ff;\">Tontr\u00e4ger, Spiele und B\u00fccher gemischt<\/span> in denselben Karton verpacken, denn diese werden von uns an drei verschiedenen Orten gelagert<\/strong>.<\/p>\n\n\n\n<hr class=\"wp-block-separator has-css-opacity\"\/>\n<\/div><\/div>\n","protected":false},"excerpt":{"rendered":"<p>Ihre Spenden tragen zum Erfolg unseres B\u00fccherflohmarktes bei \u2013 Sie helfen damit den von uns unterst\u00fctzten Projekten. Vielen Dank f\u00fcr Ihre Spenden! WAS, WANN und WO K\u00d6NNEN SIE SPENDEN? Die n\u00e4chsten Abgabetermine f\u00fcr B\u00fccherflohmarkt erst im Januar 2027 Bei Spende von mehr als 5 Kartons bitten wir um individuelle Terminvereinbarung \u00fcber unsere email-Adresse info@groebenzeller-buecherflohmarkt.de Annahmeort: [&hellip;]<\/p>\n","protected":false},"author":2,"featured_media":0,"parent":0,"menu_order":0,"comment_status":"closed","ping_status":"closed","template":"","meta":{"footnotes":""},"class_list":["post-20","page","type-page","status-publish","hentry"],"_links":{"self":[{"href":"https:\/\/groebenzeller-buecherflohmarkt.de\/index.php?rest_route=\/wp\/v2\/pages\/20","targetHints":{"allow":["GET"]}}],"collection":[{"href":"https:\/\/groebenzeller-buecherflohmarkt.de\/index.php?rest_route=\/wp\/v2\/pages"}],"about":[{"href":"https:\/\/groebenzeller-buecherflohmarkt.de\/index.php?rest_route=\/wp\/v2\/types\/page"}],"author":[{"embeddable":true,"href":"https:\/\/groebenzeller-buecherflohmarkt.de\/index.php?rest_route=\/wp\/v2\/users\/2"}],"replies":[{"embeddable":true,"href":"https:\/\/groebenzeller-buecherflohmarkt.de\/index.php?rest_route=%2Fwp%2Fv2%2Fcomments&post=20"}],"version-history":[{"count":28,"href":"https:\/\/groebenzeller-buecherflohmarkt.de\/index.php?rest_route=\/wp\/v2\/pages\/20\/revisions"}],"predecessor-version":[{"id":2740,"href":"https:\/\/groebenzeller-buecherflohmarkt.de\/index.php?rest_route=\/wp\/v2\/pages\/20\/revisions\/2740"}],"wp:attachment":[{"href":"https:\/\/groebenzeller-buecherflohmarkt.de\/index.php?rest_route=%2Fwp%2Fv2%2Fmedia&parent=20"}],"curies":[{"name":"wp","href":"https:\/\/api.w.org\/{rel}","templated":true}]}}